- 47. What is the highest common divisor of k and 10?
10
Let j = 0 - -3. Let x be -5*2/((-2)/j). Let d = x - 7. Calculate the greatest common factor of 20 and d.
4
Suppose 46 = 4*x + 2*b - 3*b, x = -5*b + 1. Calculate the greatest common factor of 1 and x.
1
Let j = 9 - -2. Calculate the greatest common divisor of j and 55.
11
Let u be (2 + -1)/(2/26). Let i be 0 - 1/5 - (-521)/5. What is the greatest common factor of i and u?
13
Let h be (-133)/(-2) + (-24)/16. What is the highest common factor of h and 13?
13
Let n = 145 + -115. Let a be -2*1/2 - -16. What is the greatest common factor of a and n?
15
Suppose 5*v + 2*y = 992, 10*v - 795 = 6*v - 3*y. What is the greatest common divisor of v and 44?
22
Suppose 20 = 5*k + r - 5, 10 = 2*k - 4*r. Let h = k + -4. Let y be ((1 - h) + -18)/(-2). What is the greatest common factor of y and 9?
9
Suppose 198 = 5*w - 2*w. Calculate the highest common factor of w and 165.
33
Let y = -8 + 13. Let q(k) = 19*k + 25. Let r be q(0). Calculate the highest common factor of r and y.
5
Let z be (-51)/(-3) - 4/(0 - -2). Calculate the greatest common factor of z and 5.
5
Let d(g) = -22*g - 6. Let x be d(-5). Let m(s) = s**2 - 4*s + 14. Let w be m(6). Calculate the highest common divisor of x and w.
26
Suppose 5*t = -0*t + 155. Let q = t - -17. Suppose 0*v = 3*v + 3*r - 48, -v - 3*r + 24 = 0. Calculate the greatest common factor of v and q.
12
Let o(y) = y. Let s be o(7). What is the highest common factor of s and 56?
7
Let f(h) = -2*h. Let i be f(-4). What is the highest common factor of 2 and i?
2
Let h(g) = 18*g - 2. Let b be h(1). Suppose 6 = -x - 1. Let t be (-898)/x + (-2)/7. Calculate the highest common factor of t and b.
16
Suppose -q + 2*q = -2*r + 32, -28 = -2*r + q. Calculate the greatest common factor of 60 and r.
15
Let n(f) = f**3 + 8*f**2 - 9*f + 1. Let v be n(-9). Let p = -4 - -11. What is the greatest common divisor of p and v?
1
Let j be (96/72)/(1/87). What is the greatest common factor of j and 29?
29
Suppose i = -4*o - 204, 5*o = 3*i - 27 - 211. Let j be ((-12)/3)/(2/o). Calculate the highest common divisor of 10 and j.
10
Let v = -102 - -154. Suppose 4*b + h = -4*h + v, -4*b + 4*h = -88. Calculate the greatest common factor of b and 18.
18
Let o = -3 + -1. Let u be 2/(o/(-6)) - -13. Calculate the greatest common divisor of 16 and u.
16
Let c be (-26)/(-5) - (-5)/(-25). Calculate the greatest common divisor of c and 80.
5
Let f(w) = -w**2 - 10*w - 8. Let m be f(-7). Calculate the greatest common divisor of 39 and m.
13
Suppose 0*o + 3*o + 123 = 3*j, -j + 4*o = -44. What is the greatest common factor of 5 and j?
5
Let k(z) = -8*z**2 - 4*z - 6. Let x be k(-4). Let u = -23 - x. Let l = -15 + 34. What is the greatest common divisor of u and l?
19
Suppose 4*k + 36 = 5*r - 27, 5*r + 2*k = 81. Let t(f) = f**2 - f - 1. Let g be t(-1). Let p be (g - 3)*(-15)/2. Calculate the highest common factor of r and p.
15
Suppose 2*h - 5*o = 5 + 1, 5*h - 38 = o. Let c be -1 - 1*(-4 - -1). Suppose 2*f = 2 + c. What is the greatest common factor of f and h?
2
Let z be 3 + -1 + 58/2. Let u = z + -20. What is the highest common divisor of 88 and u?
11
Suppose 5*u = -4*w + u + 16, w + 3*u + 4 = 0. Let p be (66/w)/((-6)/(-64)). What is the greatest common divisor of p and 8?
8
Let t be 1/(((-1)/(-17))/1). Calculate the greatest common factor of t and 17.
17
Suppose 5*n - 8 = 2. Suppose -63 = -2*q - 27. What is the greatest common factor of q and n?
2
Let w(r) = 19*r**3 - 4*r + 2. Let o(l) = -l. Let f(v) = -2*o(v) + w(v). Let z be f(1). Let q = -221 + 392. Calculate the greatest common divisor of q and z.
19
Suppose 5*v - 60 = v. Suppose -4*d + 3*f = -v, 4*d - 8 = f - 3. Suppose 3*b - 3 = 0, 5*a - 711 = 4*b - d*b. What is the greatest common factor of 13 and a?
13
Let y(v) = 11*v**2 + v + 2. Let l be y(2). Suppose 3*r = -l + 126. Calculate the greatest common factor of 52 and r.
26
Let n(y) = y**3 - y**2 + 2. Let r be n(0). Suppose -136 = -24*m + 7*m. What is the highest common divisor of m and r?
2
Let m(w) = -w**2 - 14*w + 9. Let t be m(-10). What is the greatest common factor of t and 7?
7
Let b(t) = -t**3 + 12*t**2 - 11*t - 9. Let l be b(11). Let c(d) = d**3 + 13*d**2 + 13*d + 3. Let o be c(l). Calculate the greatest common factor of o and 30.
30
Let n = 0 - -2. Let j = -490 + 512. Calculate the greatest common factor of n and j.
2
Let c = 72 - 66. What is the greatest common divisor of 3 and c?
3
Suppose 0 = -4*b - 0*b + 56. Suppose v + r = 26, 5*r + b = v - 0*r. Let z(x) = x**2 + 60. Let g be z(0). Calculate the greatest common divisor of v and g.
12
Let n = 64 - 24. Suppose 3*s = -13*c + 10*c + 21, -2*s - 42 = -5*c. Calculate the greatest common factor of n and c.
8
Let o(m) = -20*m**2 - 4. Let w(z) = -20*z**2 - 5. Let k(q) = -4*o(q) + 3*w(q). Let y be k(-1). Calculate the highest common divisor of 14 and y.
7
Let f(u) = -u**2 - 8*u. Let p be f(-4). Suppose 0 = -5*l - 21 + 221. What is the highest common divisor of p and l?
8
Let j = 15 + -10. Suppose -j*a + 65 = -5. Suppose 5*y - 3*f = 55, -y - 3*y + 4*f = -36. Calculate the highest common divisor of y and a.
14
Suppose 5*i + 0*i = -4*u + 57, 5*i - 39 = -3*u. Calculate the greatest common divisor of u and 2.
2
Suppose -7 = 5*n - 37. Suppose 2*c + n = 3*c. What is the greatest common divisor of c and 2?
2
Suppose 0 = h - 2*l - 210, -5*h + 3*l - 2*l = -1041. Calculate the highest common divisor of h and 26.
26
Suppose -7*h + 75 = -2*h. Suppose -9 = -4*g + h. What is the greatest common factor of g and 48?
6
Suppose -2*z + 2*v + 133 = 3*v, 0 = -z + 2*v + 64. What is the greatest common factor of z and 6?
6
Suppose -4*d + 32 = -5*u + 115, -71 = -5*u - 2*d. Let v(n) = n**2 + 9*n + 5. Let j be v(-9). What is the highest common divisor of j and u?
5
Suppose 0 = -4*r - 4*w + 104, w + w + 137 = 5*r. Suppose -5*z + 25 = -z + 3*a, -a = 4*z - r. What is the greatest common divisor of z and 14?
7
Suppose 3*x - 24 = -3*d, -2*x + 24 = 3*d - 5*x. Suppose 23 = 3*z + d. Calculate the highest common divisor of 5 and z.
5
Suppose -5*y + 39 = g, -5*g - 21 = y - 3*y. Calculate the greatest common divisor of 32 and y.
8
Let d(f) = -2*f**3 - 2*f**2 + f + 2. Let r be d(-2). Suppose 0 = -4*y + x + 350, 3*y - 2*x + 4*x - 268 = 0. Calculate the highest common divisor of r and y.
8
Let n be (-2)/(-4)*(11 - (5 - 4)). Calculate the highest common factor of 25 and n.
5
Suppose 0 = 4*o + 4*z - 76, -9 = 3*o - 3*z - 96. Let i = 14 + -10. Suppose -85 = -i*f + 59. What is the highest common divisor of o and f?
12
Let c(z) = -34*z + 7. Let u be c(-7). What is the greatest common divisor of u and 35?
35
Let c(t) = -7*t - 15. Let k be c(-5). Let s = 24 - k. Calculate the greatest common factor of s and 28.
4
Let x be ((-9)/(-6) - 2)*0. Suppose o - 2*o + 13 = x. What is the greatest common factor of 65 and o?
13
Let f(p) = -p + 2. Suppose -k = -5*k - 36. Let m be f(k). Calculate the highest common factor of 99 and m.
11
Suppose -4*d + 19 = 3*r, d + d = -r + 7. Suppose 10*p = r*p + 40. Calculate the highest common divisor of p and 32.
8
Let h = 7 + -3. What is the highest common divisor of h and 4?
4
Let z be (-22)/(-3 + (-92)/(-32)). Calculate the highest common divisor of 16 and z.
16
Let m(a) = 10*a + 6 + a**3 + 3 + 2 - 10*a**2. Let h = 74 - 65. Let f be m(h). Calculate the greatest common divisor of 4 and f.
4
Let u(l) = -l**3 - 8*l**2 + 8*l - 3. Let g be u(-9). Let t be 2/(g/51) + -2. What is the greatest common divisor of 3 and t?
3
Let f(g) = g**2 - 3*g. Let p be f(3). Let k = 40 + p. Calculate the highest common divisor of k and 60.
20
Let l be 135/9 + 0/1. Let g = 8 + -2. What is the highest common divisor of g and l?
3
Let r(f) = 5*f**3 + 2*f**2 + f + 1. Let q be r(2). Suppose 0 = 5*g + 3*w - 2*w - 67, 3*g - 3*w - q = 0. Calculate the greatest common factor of g and 21.
7
Suppose 0*m + 5*j = 5*m + 20, -5*j + 16 = -3*m. Let u be m/4 + 363/22. Calculate the greatest common factor of u and 2.
2
Suppose 5*g - 19 = -2*u - 0*g, -3*g = 2*u - 9. Let v = 0 + u. Let z be -1 - v - 1/1. Calculate the highest common divisor of 11 and z.
1
Suppose 2*r - 2*c - c = 30, 5*r = -5*c + 50. What is the greatest common factor of 132 and r?
12
Suppose 0 = -4*j + 3*w + 47, 4*w + 30 = 3*j - 0*j. Let g = 3 + -3. Supp